of 3393157978.
2, 7, 19, 1822319
What are the prime factors of 257994077?
11, 23454007
List the prime factors of 48795154.
2, 19, 1284083
List the prime factors of 36224900.
2, 5, 151, 2399
List the prime factors of 502672537.
43, 11690059
What are the prime factors of 75232781?
13, 109, 53093
What are the prime factors of 426717735?
3, 5, 23, 461, 2683
List the prime factors of 2715100695.
3, 5, 53, 157, 2417
List the prime factors of 2444619048.
2, 3, 101859127
List the prime factors of 1236935422.
2, 9001, 68711
List the prime factors of 558612595.
5, 307, 363917
List the prime factors of 1801010306.
2, 900505153
List the prime factors of 30154690.
2, 5, 67, 45007
List the prime factors of 125135724.
2, 3, 7, 73, 20407
What are the prime factors of 149050923?
3, 7, 29, 244747
List the prime factors of 86026014.
2, 3, 71, 83, 811
List the prime factors of 36486773.
37, 367, 2687
List the prime factors of 227019064.
2, 61, 89, 5227
List the prime factors of 344287087.
19, 18120373
List the prime factors of 2217548236.
2, 1049, 528491
List the prime factors of 237071378.
2, 118535689
What are the prime factors of 37098517?
23, 263, 6133
What are the prime factors of 1649305824?
2, 3, 59, 291191
List the prime factors of 5607239959.
79, 197, 360293
What are the prime factors of 5336766191?
17, 71, 260089
List the prime factors of 256581253.
2029, 126457
List the prime factors of 22945759.
22945759
List the prime factors of 35244794.
2, 13, 37, 36637
What are the prime factors of 1031421369?
3, 11, 541, 57773
What are the prime factors of 1826086874?
2, 4549, 200713
List the prime factors of 469043304.
2, 3, 19543471
What are the prime factors of 233528648?
2, 29, 1006589
List the prime factors of 28185140.
2, 5, 83, 16979
List the prime factors of 61542410.
2, 5, 641, 9601
List the prime factors of 2565972916.
2, 13, 661, 74653
What are the prime factors of 102574691?
31, 101, 181
What are the prime factors of 15744085?
5, 7, 149, 3019
What are the prime factors of 589385421?
3, 65487269
List the prime factors of 26156138.
2, 13078069
What are the prime factors of 212007974?
2, 23, 43, 107183
List the prime factors of 2499075040.
2, 5, 7, 11, 71, 2857
What are the prime factors of 903446814?
2, 3, 150574469
List the prime factors of 1255293922.
2, 109, 5758229
List the prime factors of 2782148227.
31, 89746717
List the prime factors of 3578653643.
151, 641, 36973
List the prime factors of 1164936940.
2, 5, 58246847
What are the prime factors of 1346739272?
2, 168342409
What are the prime factors of 1561642917?
3, 4397, 118387
What are the prime factors of 209808023?
13687, 15329
List the prime factors of 1018278954.
2, 3, 7, 11, 17, 23, 1879
What are the prime factors of 7480158293?
11321, 660733
What are the prime factors of 81478556?
2, 20369639
List the prime factors of 49539011.
49539011
List the prime factors of 7022936807.
19, 4937, 74869
List the prime factors of 105731911.
89, 1187999
What are the prime factors of 17813496?
2, 3, 742229
What are the prime factors of 23194137?
3, 17, 127, 3581
List the prime factors of 627544744.
2, 78443093
List the prime factors of 272052526.
2, 19, 823, 8699
List the prime factors of 254890829.
137, 1860517
What are the prime factors of 520951264?
2, 17, 67, 14293
What are the prime factors of 248487165?
3, 5, 31, 178127
What are the prime factors of 82929479?
47, 1764457
What are the prime factors of 1238077724?
2, 13, 67, 355361
List the prime factors of 633922015.
5, 1567, 80909
What are the prime factors of 37442153?
7, 5348879
What are the prime factors of 539086566?
2, 3, 827, 108643
What are the prime factors of 490958481?
3, 13, 647, 19457
List the prime factors of 86980443.
3, 11, 43, 61297
What are the prime factors of 920431513?
920431513
What are the prime factors of 286519528?
2, 35814941
What are the prime factors of 87237862?
2, 4751, 9181
List the prime factors of 1773349867.
103, 911, 18899
What are the prime factors of 5010939052?
2, 7, 178962109
What are the prime factors of 5248269787?
1367, 3839261
List the prime factors of 67690739.
1061, 63799
What are the prime factors of 1484712103?
7, 30300247
List the prime factors of 63727694.
2, 41, 777167
List the prime factors of 38539781.
7, 5505683
List the prime factors of 54289309.
2113, 25693
What are the prime factors of 261264974?
2, 3631, 35977
List the prime factors of 40902463.
7, 353, 16553
What are the prime factors of 74050475?
5, 31, 95549
What are the prime factors of 4213756799?
7, 17, 35409721
List the prime factors of 33873345.
3, 5, 11, 6221
What are the prime factors of 148927265?
5, 67, 419, 1061
List the prime factors of 41748849.
3, 4638761
What are the prime factors of 265908088?
2, 167, 199033
What are the prime factors of 713704975?
5, 28548199
What are the prime factors of 1287371966?
2, 643685983
List the prime factors of 20569557.
3, 167, 41057
What are the prime factors of 43656098?
2, 859, 25411
What are the prime factors of 7942427298?
2, 3, 13, 23, 6073
What are the prime factors of 24581557?
7, 11, 13, 1889
What are the prime factors of 42454178?
2, 13, 1632853
List the prime factors of 83079316.
2, 29, 59, 61, 199
What are the prime factors of 14306319?
3, 1589591
List the prime factors of 295679934.
2, 3, 11, 1493333
List the prime factors of 55792163.
7, 7970309
What are the prime factors of 1799331118?
2, 13, 69205043
List the prime factors of 32055914.
2, 11, 17, 85711
List the prime factors of 52133116.
2, 7, 1861897
List the prime factors of 6627347.
6627347
What are the prime factors of 2103717539?
7, 11, 3903001
List the prime factors of 263068160.
2, 5, 102761
List the prime factors of 64137066.
2, 3, 7, 619, 2467
List the prime factors of 7949264.
2, 691, 719
List the prime factors of 85427908.
2, 277, 77101
List the prime factors of 302229251.
302229251
What are the prime factors of 413978799?
3, 13, 29, 366029
List the prime factors of 3277146870.
2, 3, 5, 12137581
List the prime factors of 238512256.
2, 1863377
What are the prime factors of 286426346?
2, 181, 791233
What are the prime factors of 794169604?
2, 5869, 33829
List the prime factors of 507805805.
5, 13, 29, 269393
List the prime factors of 13221695.
5, 2644339
List the prime factors of 236127344.
2, 14757959
What are the prime factors of 40904867?
277, 147671
What are the prime factors of 3418021530?
2, 3, 5, 7, 11, 17, 19, 509
List the prime factors of 736191494.
2, 17, 21652691
List the prime factors of 2078757343.
13, 67, 353, 6761
List the prime factors of 121658165.
5, 1511, 16103
List the prime factors of 6007168958.
2, 7, 757, 566821
List the prime factors of 75544279.
97, 337, 2311
What are the prime factors of 4865676610?
2, 5, 31, 43, 365017
What are the prime factors of 250769390?
2, 5, 25076939
What are the prime factors of 2353716644?
2, 53, 149, 269, 277
What are the prime factors of 3677131334?
2, 1838565667
What are the prime factors of 235417459?
235417459
What are the prime factors of 30201739?
307, 98377
What are the prime factors of 3367127728?
2, 43, 4894081
List the prime factors of 154132489.
7, 17, 41, 4513
What are the prime factors of 5840475399?
3, 11, 23, 113, 22699
List the prime factors of 878357379.
3, 31, 1543, 6121
What are the prime factors of 109596193?
7, 2236657
List the prime factors of 1400881148.
2, 23, 769, 19801
What are the prime factors of 134560560?
2, 3, 5, 560669
What are the prime factors of 5131403756?
2, 37, 34671647
What are the prime factors of 37754782?
2, 13, 907, 1601
What are the prime factors of 22235826?
2, 3, 67, 55313
What are the prime factors of 222874238?
2, 7247, 15377
What are the prime factors of 1283872281?
3, 427957427
List the prime factors of 54344502.
2, 3, 47, 64237
List the prime factors of 241724379.
3, 13, 6198061
List the prime factors of 3443081705.
5, 7, 1489, 66067
List the prime factors of 167022663.
3, 53, 1050457
List the prime factors of 411938303.
7, 23, 103, 24841
What are the prime factors of 2178748893?
3, 726249631
What are the prime factors of 214515490?
2, 5, 7, 1171, 2617
List the prime factors of 81966369.
3, 541, 50503
What are the prime factors of 37084478?
2, 1201, 15439
What are the prime factors of 649404177?
3, 53, 4084303
What 